{"id":3913,"date":"2014-11-13T20:23:36","date_gmt":"2014-11-13T18:23:36","guid":{"rendered":"http:\/\/hrsk-ystavat.com\/jardinwp\/?page_id=3913"},"modified":"2025-09-05T13:56:11","modified_gmt":"2025-09-05T10:56:11","slug":"general","status":"publish","type":"page","link":"https:\/\/hrsk-ystavat.com\/jardinwp\/?page_id=3913&lang=fr","title":{"rendered":"G\u00e9n\u00e9ral"},"content":{"rendered":"<p>Nous sommes un jardin d&#8217;enfants priv\u00e9 g\u00e9r\u00e9 par l&#8217;Association des Amis de l&#8217;\u00c9cole Fran\u00e7aise. Les inscriptions pour l&#8217;ann\u00e9e scolaire 2026-2027 seront ouvertes d\u00e8s janvier 2026 aux enfants n\u00e9s en 2021. Les informations compl\u00e9mentaires li\u00e9es au processus d&#8217;inscription et d&#8217;admission seront post\u00e9es sur ces pages en d\u00e9cembre 2025.<\/p>\n<ol>\n<li>L&#8217;\u00e9ducation \u00e0 la petite enfance est donn\u00e9 en fran\u00e7ais et en finnois.<\/li>\n<li>Il repose \u00e0 la fois sur un programme d&#8217;immersion et le programme \u00e9ducatif de la petite enfance de la ville Helsinki (Helsingin varhaiskasvatussuunnitelma).<\/li>\n<li>Notre objectif est de familiariser les enfants avec la langue fran\u00e7aise et, dans la continuit\u00e9 de l&#8217;\u00e9ducation \u00e0 la petite enfance, de d\u00e9velopper et de soutenir les capacit\u00e9s de l&#8217;enfant en vue de son passage vers l&#8217;enseignement pr\u00e9scolaire \u00e0 l&#8217;\u00e9cole franco-finlandaise d&#8217;Helsinki.<\/li>\n<li>En plus de l&#8217;apprentissage du fran\u00e7ais, notre r\u00f4le est d&#8217;assurer le bien-\u00eatre physique et mental de chaque enfant, de d\u00e9velopper ses habilet\u00e9s de coop\u00e9ration et d&#8217;interaction, ainsi qu&#8217;une image de soi positive et une confiance dans sa propre capacit\u00e9 \u00e0 apprendre et \u00e0 participer.<\/li>\n<li>Le jardin d&#8217;enfants travaille en coop\u00e9ration \u00e9troite avec le Lyc\u00e9e Franco-Finlandais d&#8217;Helsinki.<\/li>\n<\/ol>\n<ul>\n<li>2 groupes<\/li>\n<li>20 \u00e9l\u00e8ves par groupe<\/li>\n<li>ouvert du lundi au vendredi de 08h00 \u00e0 17h00<\/li>\n<li>ferm\u00e9 lors des vacances scolaires (automne sem. 42, No\u00ebl sem. 52-1, ski sem. 8), mais ouvert en juin jusqu&#8217;\u00e0 la Saint Jean<\/li>\n<\/ul>\n<p>Le fonctionnement s&#8217;articule autour des comp\u00e9tences transversales introduites dans le programme \u00e9ducatif de la ville d&#8217;Helsinki. Nous utilisons \u00e9galement les th\u00e8mes pr\u00e9sents dans la vie d&#8217;un enfant comme les diff\u00e9rentes saisons ou encore les f\u00eates traditionnelles, No\u00ebl, galette des Rois, carnaval, P\u00e2ques etc.<\/p>\n<p>Le jeu occupe une place pr\u00e9pond\u00e9rante dans les m\u00e9thodes p\u00e9dagogiques du jardin d&#8217;enfants. Toutes les situations de la vie quotidienne sont des situations d&#8217;apprentissage de la langue fran\u00e7aise. La classe est divis\u00e9e en diff\u00e9rents &#8220;coins &#8220;: maison, voitures, lecture, jeux de construction, legos etc, o\u00f9 les enfants peuvent jouer librement. Les activit\u00e9s dirig\u00e9es propos\u00e9es en plus du jeu permettent aux enfants d&#8217;acqu\u00e9rir chaque jour de plus en plus de connaissances et de devenir un acteur \u00e0 part enti\u00e8re de son propre apprentissage .<\/p>\n<p>Le jardin d\u2019enfants est un jardin d\u2019enfants priv\u00e9 et payant. Les frais de garde s\u2019\u00e9l\u00e8vent \u00e0 1.010\u20ac par mois (l&#8217;ann\u00e9e scolaire 2025-2026) et sont factur\u00e9s mensuellement du 1er ao\u00fbt au 30 juin ind\u00e9pendamment du nombre de jours de garde effectif de chaque mois. Le jardin d\u2019enfants se r\u00e9serve le droit de modifier les tarifs.<\/p>\n<p>Les parents peuvent solliciter une aide financi\u00e8re aupr\u00e8s de KELA pour couvrir une partie des frais de garde d&#8217;enfant. KELA versera le montant d\u2019aide accord\u00e9 directement au jardin d\u2019enfants qui le d\u00e9duira des frais de garde laissant donc la diff\u00e9rence \u00e0 la charge des familles. Vous trouverez plus d&#8217;informations sur les pages de Kela <a href=\"https:\/\/www.kela.fi\/yksityisen-hoidon-tuki\" target=\"_blank\" rel=\"noopener noreferrer\">https:\/\/www.kela.fi\/yksityisen-hoidon-tuki<\/a> et sur <a href=\"https:\/\/laskurit.kela.fi\/lastenhoidon-tukien-maaran-laskuri\" target=\"_blank\" rel=\"noopener noreferrer\">https:\/\/laskurit.kela.fi\/lastenhoidon-tukien-maaran-laskuri<\/a><\/p>\n\n\n<p>En plus de l&#8217;allocation de Kela, les villes d\u2019Espoo et d\u2019Helsinki font partie des villes participant \u00e0 un projet du Minist\u00e8re de l&#8217;\u00c9ducation qui accorde 20 heures hebdomadaires de garde gratuites aux enfants de5 ans. Lorsqu\u2019une famille choisit un jardin d\u2019enfants priv\u00e9, les villes paient une compensation directement au prestataire de service qui s\u2019engage \u00e0 d\u00e9duire la somme du montant restant \u00e0 la charge des familles apr\u00e8s la d\u00e9duction de l\u2019aide financi\u00e8re de Kela d\u00e9crite ci-dessus. <\/p>\n","protected":false},"excerpt":{"rendered":"<p>Nous sommes un jardin d&#8217;enfants priv\u00e9 g\u00e9r\u00e9 par l&#8217;Association des Amis de l&#8217;\u00c9cole Fran\u00e7aise. Les inscriptions pour l&#8217;ann\u00e9e scolaire 2026-2027 seront ouvertes d\u00e8s janvier 2026 aux enfants n\u00e9s en 2021. Les informations compl\u00e9mentaires li\u00e9es au processus d&#8217;inscription et d&#8217;admission seront &hellip; <a href=\"https:\/\/hrsk-ystavat.com\/jardinwp\/?page_id=3913&#038;lang=fr\">Lue loppuun <span class=\"meta-nav\">&rarr;<\/span><\/a><\/p>\n","protected":false},"author":23,"featured_media":0,"parent":0,"menu_order":1,"comment_status":"closed","ping_status":"closed","template":"","meta":[],"_links":{"self":[{"href":"https:\/\/hrsk-ystavat.com\/jardinwp\/index.php?rest_route=\/wp\/v2\/pages\/3913"}],"collection":[{"href":"https:\/\/hrsk-ystavat.com\/jardinwp\/index.php?rest_route=\/wp\/v2\/pages"}],"about":[{"href":"https:\/\/hrsk-ystavat.com\/jardinwp\/index.php?rest_route=\/wp\/v2\/types\/page"}],"author":[{"embeddable":true,"href":"https:\/\/hrsk-ystavat.com\/jardinwp\/index.php?rest_route=\/wp\/v2\/users\/23"}],"replies":[{"embeddable":true,"href":"https:\/\/hrsk-ystavat.com\/jardinwp\/index.php?rest_route=%2Fwp%2Fv2%2Fcomments&post=3913"}],"version-history":[{"count":6,"href":"https:\/\/hrsk-ystavat.com\/jardinwp\/index.php?rest_route=\/wp\/v2\/pages\/3913\/revisions"}],"predecessor-version":[{"id":4556,"href":"https:\/\/hrsk-ystavat.com\/jardinwp\/index.php?rest_route=\/wp\/v2\/pages\/3913\/revisions\/4556"}],"wp:attachment":[{"href":"https:\/\/hrsk-ystavat.com\/jardinwp\/index.php?rest_route=%2Fwp%2Fv2%2Fmedia&parent=3913"}],"curies":[{"name":"wp","href":"https:\/\/api.w.org\/{rel}","templated":true}]}}

Général

<p>Nous sommes un jardin d&#8217;enfants privé géré par l&#8217;Association des Amis de l&#8217;École Française. Les inscriptions pour l&#8217;année scolaire 2026-2027 seront ouvertes dès janvier 2026 aux enfants nés en 2021. Les informations complémentaires liées au processus d&#8217;inscription et d&#8217;admission seront postées sur ces pages en décembre 2025.</p>
<ol>
<li>L&#8217;éducation à la petite enfance est donné en français et en finnois.</li>
<li>Il repose à la fois sur un programme d&#8217;immersion et le programme éducatif de la petite enfance de la ville Helsinki (Helsingin varhaiskasvatussuunnitelma).</li>
<li>Notre objectif est de familiariser les enfants avec la langue française et, dans la continuité de l&#8217;éducation à la petite enfance, de développer et de soutenir les capacités de l&#8217;enfant en vue de son passage vers l&#8217;enseignement préscolaire à l&#8217;école franco-finlandaise d&#8217;Helsinki.</li>
<li>En plus de l&#8217;apprentissage du français, notre rôle est d&#8217;assurer le bien-être physique et mental de chaque enfant, de développer ses habiletés de coopération et d&#8217;interaction, ainsi qu&#8217;une image de soi positive et une confiance dans sa propre capacité à apprendre et à participer.</li>
<li>Le jardin d&#8217;enfants travaille en coopération étroite avec le Lycée Franco-Finlandais d&#8217;Helsinki.</li>
</ol>
<ul>
<li>2 groupes</li>
<li>20 élèves par groupe</li>
<li>ouvert du lundi au vendredi de 08h00 à 17h00</li>
<li>fermé lors des vacances scolaires (automne sem. 42, Noël sem. 52-1, ski sem. 8), mais ouvert en juin jusqu&#8217;à la Saint Jean</li>
</ul>
<p>Le fonctionnement s&#8217;articule autour des compétences transversales introduites dans le programme éducatif de la ville d&#8217;Helsinki. Nous utilisons également les thèmes présents dans la vie d&#8217;un enfant comme les différentes saisons ou encore les fêtes traditionnelles, Noël, galette des Rois, carnaval, Pâques etc.</p>
<p>Le jeu occupe une place prépondérante dans les méthodes pédagogiques du jardin d&#8217;enfants. Toutes les situations de la vie quotidienne sont des situations d&#8217;apprentissage de la langue française. La classe est divisée en différents &#8220;coins &#8220;: maison, voitures, lecture, jeux de construction, legos etc, où les enfants peuvent jouer librement. Les activités dirigées proposées en plus du jeu permettent aux enfants d&#8217;acquérir chaque jour de plus en plus de connaissances et de devenir un acteur à part entière de son propre apprentissage .</p>
<p>Le jardin d’enfants est un jardin d’enfants privé et payant. Les frais de garde s’élèvent à 1.010€ par mois (l&#8217;année scolaire 2025-2026) et sont facturés mensuellement du 1er août au 30 juin indépendamment du nombre de jours de garde effectif de chaque mois. Le jardin d’enfants se réserve le droit de modifier les tarifs.</p>
<p>Les parents peuvent solliciter une aide financière auprès de KELA pour couvrir une partie des frais de garde d&#8217;enfant. KELA versera le montant d’aide accordé directement au jardin d’enfants qui le déduira des frais de garde laissant donc la différence à la charge des familles. Vous trouverez plus d&#8217;informations sur les pages de Kela <a href="https://www.kela.fi/yksityisen-hoidon-tuki" target="_blank" rel="noopener noreferrer">https://www.kela.fi/yksityisen-hoidon-tuki</a> et sur <a href="https://laskurit.kela.fi/lastenhoidon-tukien-maaran-laskuri" target="_blank" rel="noopener noreferrer">https://laskurit.kela.fi/lastenhoidon-tukien-maaran-laskuri</a></p>


<p>En plus de l&#8217;allocation de Kela, les villes d’Espoo et d’Helsinki font partie des villes participant à un projet du Ministère de l&#8217;Éducation qui accorde 20 heures hebdomadaires de garde gratuites aux enfants de5 ans. Lorsqu’une famille choisit un jardin d’enfants privé, les villes paient une compensation directement au prestataire de service qui s’engage à déduire la somme du montant restant à la charge des familles après la déduction de l’aide financière de Kela décrite ci-dessus. </p>

<p>Nous sommes un jardin d&#8217;enfants privé géré par l&#8217;Association des Amis de l&#8217;École Française. Les inscriptions pour l&#8217;année scolaire 2026-2027 seront ouvertes dès janvier 2026 aux enfants nés en 2021. Les informations complémentaires liées au processus d&#8217;inscription et d&#8217;admission seront &hellip; <a href="https://hrsk-ystavat.com/jardinwp/?page_id=3913&#038;lang=fr">Lue loppuun <span class="meta-nav">&rarr;</span></a></p>
