{"id":4130,"date":"2020-12-04T11:59:33","date_gmt":"2020-12-04T09:59:33","guid":{"rendered":"http:\/\/hrsk-ystavat.com\/jardinwp\/?page_id=4130"},"modified":"2026-02-23T15:37:07","modified_gmt":"2026-02-23T13:37:07","slug":"iltapaivakerho","status":"publish","type":"page","link":"https:\/\/hrsk-ystavat.com\/jardinwp\/?page_id=4130","title":{"rendered":"Esikoululaisten iltap\u00e4iv\u00e4hoito"},"content":{"rendered":"<p>Poissaoloista ja muista p\u00e4iv\u00e4j\u00e4rjestykseen liittyvist\u00e4 asioista pyyd\u00e4mme ottamaan yhteytt\u00e4 t\u00e4h\u00e4n numeroon, mieluiten tekstiviestitse:<\/p>\n<ul>\n<li>Esikoululaisten iltap\u00e4iv\u00e4hoito:\u00a0<strong>044 97 57 383 <\/strong>(arkisin klo 13\u201317)<br \/><strong><br \/><\/strong><\/li>\n<\/ul>\n<p><strong>Esiopetusta t\u00e4ydent\u00e4v\u00e4 varhaiskasvatus (iltap\u00e4iv\u00e4hoito)<br \/><\/strong>Helsingin ranskalais-suomalaisen koulun esiopetuksen iltap\u00e4ivist\u00e4 vastaa voittoa tavoittelematon koulun vanhempainyhdistys, Ranskalaisen koulun yst\u00e4v\u00e4t ry.<\/p>\n<p><strong>Esikoululaisten iltap\u00e4iv\u00e4hoitoon ilmoittautuminen lukuvuodelle 2026\u20132027<\/strong><\/p>\n<p>Lukuvuodelle 2026\u20132027 iltap\u00e4iv\u00e4hoitoon ilmoittaudutaan kev\u00e4\u00e4ll\u00e4 2026 sen j\u00e4lkeen, kun perhe on saanut tiedon esikoulupaikasta ja ilmoittanut koululle ottavansa sen vastaan, kuitenkin <strong>viimeist\u00e4\u00e4n 31.3.2026<\/strong>. Siin\u00e4 tapauksessa, ett\u00e4 p\u00e4\u00e4t\u00f6s esikoulupaikasta tulee sen j\u00e4lkeen, voi hoitoon toki ilmoittautua my\u00f6hemminkin. Ilmoittautuminen tehd\u00e4\u00e4n s\u00e4hk\u00f6postilla osoitteeseen <a href=\"mailto:ninna@hrsk-ystavat.com\">ninna@hrsk-ystavat.com<\/a> seuraavasti:<\/p>\n<p>Viestin otsikko: \u201dILMOITTAUTUMINEN\u201d<br \/>1. Lapsen etu- ja sukunimi<br \/>2. Vanhempien nimet ja puhelinnumerot sek\u00e4 s\u00e4hk\u00f6postiosoitteet,<br \/>joihin haluatte vastaanottaa iltap\u00e4iv\u00e4hoitoa koskevia tiedotteita<br \/>3. Lapsen varahakijat (esim. isovanhemmat), jotka voivat tulla hakemaan<br \/>lapsen ilman erillist\u00e4 ilmoitusta, sek\u00e4 hakijoiden puhelinnumerot<br \/>HUOM! Varahakijoiden tulee olla t\u00e4ysi-ik\u00e4isi\u00e4.<\/p>\n<p><strong>Esikoululaisten iltap\u00e4iv\u00e4hoito<br \/><\/strong><\/p>\n<p>Helsingin ranskalais-suomalaisen koulun esikoululaisten iltap\u00e4iv\u00e4hoidon j\u00e4rjest\u00e4\u00e4 Ranskalaisen koulun yst\u00e4v\u00e4t ry. Iltap\u00e4iv\u00e4hoito toimii esikoulun tiloissa Munkkivuoressa. Iltap\u00e4iv\u00e4hoito alkaa lasten omissa luokissa v\u00e4litt\u00f6m\u00e4sti esikoulup\u00e4iv\u00e4n p\u00e4\u00e4ttyess\u00e4 klo 13.15. Iltap\u00e4iv\u00e4n ohjelmaan kuuluu v\u00e4lipala, ulkoilua, vapaata leikki\u00e4 ja ohjattua toimintaa. P\u00e4iv\u00e4 p\u00e4\u00e4ttyy klo 17.00, johon menness\u00e4 lapset noudetaan hoidosta.<\/p>\n<p>Iltap\u00e4iv\u00e4hoito toimii arkisin ja noudattaa esikoulun vuosittaista toiminta-aikaa, joten koulun loma-aikoina iltap\u00e4iv\u00e4hoitoa ei ole. Mahdollisista poikkeuksista ilmoitetaan erikseen. Iltap\u00e4iv\u00e4hoito alkaa heti ensimm\u00e4isen\u00e4 esikoulup\u00e4iv\u00e4n\u00e4 keskiviikkona 12. elokuuta 2026, ja lukuvuoden viimeinen hoitop\u00e4iv\u00e4 on perjantai 4. kes\u00e4kuuta 2027 (vuonna 2026 pe 29. toukokuuta). Lis\u00e4tietoa lukuvuoden aikataulusta l\u00f6ytyy koulun kotisivuilta kohdasta Koulun arki, Ty\u00f6- ja loma-ajat\u00a0<a href=\"https:\/\/hrsk.fi\/koulun-arki\/?tyoajat\"> Linkki koulun sivuille<\/a><\/p>\n<p>HUOM! Yhdistys ei j\u00e4rjest\u00e4 kes\u00e4hoitoa esikoululaisille.<\/p>\n<p><strong>Hoitomaksu ja Kelan tuet<br \/><\/strong><\/p>\n<p>Iltap\u00e4iv\u00e4hoito on maksullista. Toiminnalla ei tavoitella voittoa, mutta yksityisen\u00e4 toimijana meid\u00e4n tulee pysty\u00e4 kattamaan toimintakulut hoitomaksuilla. Lukuvuonna 2025\u20132026 hoitomaksu on ollut 475 \u20ac\/kk (ennen tukia) ja korotus lukuvuodelle 2026\u20132027 on mahdollinen.<\/p>\n<p>Vanhemmat voivat hakea Kelalta yksityisen hoidon tukea hoitomaksun osittaiseen kattamiseen. Tuen m\u00e4\u00e4r\u00e4\u00e4n vaikuttavat perheen tulot ja kotikunta. Yksityisen hoidon tuki koostuu kaikille samasta lakis\u00e4\u00e4teisest\u00e4 hoitorahasta, tulosidonnaisesta hoitolis\u00e4st\u00e4 sek\u00e4 mahdollisesta kuntalis\u00e4st\u00e4. Kuntalis\u00e4n m\u00e4\u00e4r\u00e4 ja ehdot vaihtelevat kunnittain. Voitte arvioida Kelan yksityisen hoidon tuen summaanne Kelan sivuilta l\u00f6ytyv\u00e4n laskurin avulla:\u00a0<a href=\"https:\/\/laskurit.kela.fi\/lastenhoidon-tukien-maaran-laskuri\" target=\"_blank\" rel=\"noopener noreferrer\" data-wplink-edit=\"true\">Kelan yksityisen hoidon tuen laskuri<\/a><\/p>\n<p>Jotkin kunnat my\u00f6nt\u00e4v\u00e4t perheille my\u00f6s sisaruslis\u00e4n, mik\u00e4li perheell\u00e4 on kaksi tai useampia lapsia varhaiskasvatuksen piiriss\u00e4. Vanhempien kannattaa selvitt\u00e4\u00e4 omasta kunnasta sisaruslis\u00e4n mahdollisuus ja hakumenettely.<\/p>\n<p>Kela maksaa tuet suoraan palveluntuottajan tilille. Tuen m\u00e4\u00e4r\u00e4 v\u00e4hennet\u00e4\u00e4n hoitomaksusta, ja loppuosa laskutetaan perheilt\u00e4. Mik\u00e4li perhe ei hae tai perheelle ei my\u00f6nnet\u00e4 Kelan tukea, laskutetaan perheelt\u00e4 t\u00e4ysi hoitomaksu.<\/p>\n<p>Tukea kannattaa hakea toukokuun aikana Kelan s\u00e4hk\u00f6isess\u00e4 asiointipalvelussa, jonne voi kirjautua pankkitunnuksilla. L\u00e4het\u00e4mme iltap\u00e4iv\u00e4hoitoon ilmoittautuneille ohjeita tuen hakemiseen viimeist\u00e4\u00e4n toukokuun alussa. Emme suosittele hakemaan tukea ilman ohjeita.<\/p>\n<p><strong>Yhteystiedot<\/strong><\/p>\n<p>Vastuuhenkil\u00f6n\u00e4 toimii Ninna Petit-Gras. H\u00e4net tavoittaa s\u00e4hk\u00f6postitse osoitteesta <a href=\"mailto:ninna@hrsk-ystavat.com\">ninna@hrsk-ystavat.com<\/a> tai puhelimitse numerosta 044 981 0730. Iltap\u00e4iv\u00e4hoidon muun henkil\u00f6kunnan tavoittaa <strong>klo 13\u201317 numerosta 044 975 7383<\/strong>. Lasten poissaolot ja satunnaiset t\u00e4ysi-ik\u00e4iset varahakijat voi ilmoittaa tekstiviestill\u00e4 t\u00e4h\u00e4n numeroon.<\/p>\n\n\n<p><\/p>\n","protected":false},"excerpt":{"rendered":"<p>Poissaoloista ja muista p\u00e4iv\u00e4j\u00e4rjestykseen liittyvist\u00e4 asioista pyyd\u00e4mme ottamaan yhteytt\u00e4 t\u00e4h\u00e4n numeroon, mieluiten tekstiviestitse: Esikoululaisten iltap\u00e4iv\u00e4hoito:\u00a0044 97 57 383 (arkisin klo 13\u201317) Esiopetusta t\u00e4ydent\u00e4v\u00e4 varhaiskasvatus (iltap\u00e4iv\u00e4hoito)Helsingin ranskalais-suomalaisen koulun esiopetuksen iltap\u00e4ivist\u00e4 vastaa voittoa tavoittelematon koulun vanhempainyhdistys, Ranskalaisen koulun yst\u00e4v\u00e4t ry. Esikoululaisten iltap\u00e4iv\u00e4hoitoon &hellip; <a href=\"https:\/\/hrsk-ystavat.com\/jardinwp\/?page_id=4130\">Lue loppuun <span class=\"meta-nav\">&rarr;<\/span><\/a><\/p>\n","protected":false},"author":3,"featured_media":0,"parent":0,"menu_order":0,"comment_status":"closed","ping_status":"closed","template":"","meta":[],"_links":{"self":[{"href":"https:\/\/hrsk-ystavat.com\/jardinwp\/index.php?rest_route=\/wp\/v2\/pages\/4130"}],"collection":[{"href":"https:\/\/hrsk-ystavat.com\/jardinwp\/index.php?rest_route=\/wp\/v2\/pages"}],"about":[{"href":"https:\/\/hrsk-ystavat.com\/jardinwp\/index.php?rest_route=\/wp\/v2\/types\/page"}],"author":[{"embeddable":true,"href":"https:\/\/hrsk-ystavat.com\/jardinwp\/index.php?rest_route=\/wp\/v2\/users\/3"}],"replies":[{"embeddable":true,"href":"https:\/\/hrsk-ystavat.com\/jardinwp\/index.php?rest_route=%2Fwp%2Fv2%2Fcomments&post=4130"}],"version-history":[{"count":61,"href":"https:\/\/hrsk-ystavat.com\/jardinwp\/index.php?rest_route=\/wp\/v2\/pages\/4130\/revisions"}],"predecessor-version":[{"id":4582,"href":"https:\/\/hrsk-ystavat.com\/jardinwp\/index.php?rest_route=\/wp\/v2\/pages\/4130\/revisions\/4582"}],"wp:attachment":[{"href":"https:\/\/hrsk-ystavat.com\/jardinwp\/index.php?rest_route=%2Fwp%2Fv2%2Fmedia&parent=4130"}],"curies":[{"name":"wp","href":"https:\/\/api.w.org\/{rel}","templated":true}]}}